{"id":203,"date":"2018-05-15T14:10:21","date_gmt":"2018-05-15T14:10:21","guid":{"rendered":"http:\/\/felton.es\/?post_type=product&#038;p=203"},"modified":"2025-05-19T15:20:43","modified_gmt":"2025-05-19T13:20:43","slug":"esmalte-sintetico","status":"publish","type":"product","link":"https:\/\/felton.es\/index.php\/producto\/esmalte-sintetico\/","title":{"rendered":"ESMALTE SINT\u00c9TICO"},"content":{"rendered":"<div class=\"wpb-content-wrapper\"><p>[vc_row][vc_column width=\u00bb1\/2&#8243;][\/vc_column][vc_column width=\u00bb1\/3&#8243;][vc_custom_heading text=\u00bbDESCRIPCI\u00d3N\u00bb][vc_column_text]Esmaltes de alta calidad. Uso interior y exterior. Secado r\u00e1pido, larga duraci\u00f3n y f\u00e1cil aplicaci\u00f3n. Se puede aplicar sobre madera, metal, cart\u00f3n, etc.[\/vc_column_text][vc_custom_heading text=\u00bbFORMATO\u00bb]\n    <div class=\"formats\">\n    <div class=\"vc_col-sm-12\">\n    \n\t\t\t<img decoding=\"async\" src=\"\/icones-productes\/formats\/200.png\" class=\"attachment-full\" alt=\"200\" title=\"200\" width=\"25%\">\n\t\t\t<img decoding=\"async\" src=\"\/icones-productes\/formats\/400.png\" class=\"attachment-full\" alt=\"400\" title=\"400\" width=\"25%\">\n\t\t\n\t\t<div class=\"vc_empty_space\" style=\"height: 24px\">\n\t\t\t<span class=\"vc_empty_space_inner\"><\/span>\n\t\t<\/div>\n\t<\/div><\/div>[vc_custom_heading text=\u00bbCARACTER\u00cdSTICAS\u00bb]\n    <div class=\"caracteristiques\">\n    <div class=\"vc_col-sm-12\">\n    \n\t\t\t<img decoding=\"async\" src=\"\/icones-productes\/caracteristiques\/calidad.png\" class=\"attachment-full\" alt=\"calidad\" title=\"calidad\" width=\"25%\">\n\t\t\t<img decoding=\"async\" src=\"\/icones-productes\/caracteristiques\/secado.png\" class=\"attachment-full\" alt=\"secado\" title=\"secado\" width=\"25%\">\n\t\t<div class=\"vc_empty_space\" style=\"height: 24px\">\n\t\t\t<span class=\"vc_empty_space_inner\"><\/span>\n\t\t<\/div>\n\t<\/div><\/div>[\/vc_column][\/vc_row][vc_row full_width=\u00bbstretch_row\u00bb css=\u00bb.vc_custom_1525907182017{background-color: #f3f3f2 !important;}\u00bb][vc_column width=\u00bb1\/2&#8243;][vc_custom_heading text=\u00bbCOLORES DISPONIBLES\u00bb]\n    <div class=\"colors\">\n    <div class=\"vc_col-sm-12\">\n    <img decoding=\"async\" src=\"\/icones-productes\/colors\/COLOR_1000.png\" class=\"attachment-full\" alt=\"COLOR_1000.png\" title=\"1000\" width=\"19%\" style=\"padding-bottom: 5px; padding-left: 8px;\"><img decoding=\"async\" src=\"\/icones-productes\/colors\/COLOR_1010.png\" class=\"attachment-full\" alt=\"COLOR_1010.png\" title=\"1010\" width=\"19%\" style=\"padding-bottom: 5px; padding-left: 8px;\"><img decoding=\"async\" src=\"\/icones-productes\/colors\/COLOR_1020.png\" class=\"attachment-full\" alt=\"COLOR_1020.png\" title=\"1020\" width=\"19%\" style=\"padding-bottom: 5px; padding-left: 8px;\"><img decoding=\"async\" src=\"\/icones-productes\/colors\/COLOR_1060.png\" class=\"attachment-full\" alt=\"COLOR_1060.png\" title=\"1060\" width=\"19%\" style=\"padding-bottom: 5px; padding-left: 8px;\"><img decoding=\"async\" src=\"\/icones-productes\/colors\/COLOR_1070.png\" class=\"attachment-full\" alt=\"COLOR_1070.png\" title=\"1070\" width=\"19%\" style=\"padding-bottom: 5px; padding-left: 8px;\"><img decoding=\"async\" src=\"\/icones-productes\/colors\/COLOR_1080.png\" class=\"attachment-full\" alt=\"COLOR_1080.png\" title=\"1080\" width=\"19%\" style=\"padding-bottom: 5px; padding-left: 8px;\"><img decoding=\"async\" src=\"\/icones-productes\/colors\/COLOR_1190.png\" class=\"attachment-full\" alt=\"COLOR_1190.png\" title=\"1190\" width=\"19%\" style=\"padding-bottom: 5px; padding-left: 8px;\"><img decoding=\"async\" src=\"\/icones-productes\/colors\/COLOR_1280.png\" class=\"attachment-full\" alt=\"COLOR_1280.png\" title=\"1280\" width=\"19%\" style=\"padding-bottom: 5px; padding-left: 8px;\"><img decoding=\"async\" src=\"\/icones-productes\/colors\/COLOR_1300.png\" class=\"attachment-full\" alt=\"COLOR_1300.png\" title=\"1300\" width=\"19%\" style=\"padding-bottom: 5px; padding-left: 8px;\"><img decoding=\"async\" src=\"\/icones-productes\/colors\/COLOR_1310.png\" class=\"attachment-full\" alt=\"COLOR_1310.png\" title=\"1310\" width=\"19%\" style=\"padding-bottom: 5px; padding-left: 8px;\"><img decoding=\"async\" src=\"\/icones-productes\/colors\/COLOR_1330.png\" class=\"attachment-full\" alt=\"COLOR_1330.png\" title=\"1330\" width=\"19%\" style=\"padding-bottom: 5px; padding-left: 8px;\"><img decoding=\"async\" src=\"\/icones-productes\/colors\/COLOR_1380.png\" class=\"attachment-full\" alt=\"COLOR_1380.png\" title=\"1380\" width=\"19%\" style=\"padding-bottom: 5px; padding-left: 8px;\"><img decoding=\"async\" src=\"\/icones-productes\/colors\/COLOR_1430.png\" class=\"attachment-full\" alt=\"COLOR_1430.png\" title=\"1430\" width=\"19%\" style=\"padding-bottom: 5px; padding-left: 8px;\"><img decoding=\"async\" src=\"\/icones-productes\/colors\/COLOR_1440.png\" class=\"attachment-full\" alt=\"COLOR_1440.png\" title=\"1440\" width=\"19%\" style=\"padding-bottom: 5px; padding-left: 8px;\"><img decoding=\"async\" src=\"\/icones-productes\/colors\/COLOR_1450.png\" class=\"attachment-full\" alt=\"COLOR_1450.png\" title=\"1450\" width=\"19%\" style=\"padding-bottom: 5px; padding-left: 8px;\"><img decoding=\"async\" src=\"\/icones-productes\/colors\/COLOR_1460.png\" class=\"attachment-full\" alt=\"COLOR_1460.png\" title=\"1460\" width=\"19%\" style=\"padding-bottom: 5px; padding-left: 8px;\"><img decoding=\"async\" src=\"\/icones-productes\/colors\/COLOR_1470.png\" class=\"attachment-full\" alt=\"COLOR_1470.png\" title=\"1470\" width=\"19%\" style=\"padding-bottom: 5px; padding-left: 8px;\"><img decoding=\"async\" src=\"\/icones-productes\/colors\/COLOR_1480.png\" class=\"attachment-full\" alt=\"COLOR_1480.png\" title=\"1480\" width=\"19%\" style=\"padding-bottom: 5px; padding-left: 8px;\"><img decoding=\"async\" src=\"\/icones-productes\/colors\/COLOR_1490.png\" class=\"attachment-full\" alt=\"COLOR_1490.png\" title=\"1490\" width=\"19%\" style=\"padding-bottom: 5px; padding-left: 8px;\"><img decoding=\"async\" src=\"\/icones-productes\/colors\/COLOR_1492.png\" class=\"attachment-full\" alt=\"COLOR_1492.png\" title=\"1492\" width=\"19%\" style=\"padding-bottom: 5px; padding-left: 8px;\"><img decoding=\"async\" src=\"\/icones-productes\/colors\/COLOR_1500.png\" class=\"attachment-full\" alt=\"COLOR_1500.png\" title=\"1500\" width=\"19%\" style=\"padding-bottom: 5px; padding-left: 8px;\"><img decoding=\"async\" src=\"\/icones-productes\/colors\/COLOR_1520.png\" class=\"attachment-full\" alt=\"COLOR_1520.png\" title=\"1520\" width=\"19%\" style=\"padding-bottom: 5px; padding-left: 8px;\"><img decoding=\"async\" src=\"\/icones-productes\/colors\/COLOR_-1130.png\" class=\"attachment-full\" alt=\"COLOR_-1130.png\" title=\"-1130\" width=\"19%\" style=\"padding-bottom: 5px; padding-left: 8px;\"><img decoding=\"async\" src=\"\/icones-productes\/colors\/COLOR_-1340.png\" class=\"attachment-full\" alt=\"COLOR_-1340.png\" title=\"-1340\" width=\"19%\" style=\"padding-bottom: 5px; padding-left: 8px;\">\n\t\t<div class=\"vc_empty_space\" style=\"height: 24px\">\n\t\t\t<span class=\"vc_empty_space_inner\"><\/span>\n\t\t<\/div>\n\t<\/div><\/div>[\/vc_column][vc_column width=\u00bb1\/2&#8243;][vc_custom_heading text=\u00bbTABLA DE CODIGOS\u00bb][vc_single_image image=\u00bb204&#8243; img_size=\u00bbfull\u00bb][vc_single_image image=\u00bb205&#8243; img_size=\u00bbfull\u00bb][\/vc_column][\/vc_row]<\/p>\n<\/div>","protected":false},"excerpt":{"rendered":"<p>[vc_row][vc_column width=\u00bb1\/2&#8243;][\/vc_column][vc_column width=\u00bb1\/3&#8243;][vc_custom_heading text=\u00bbDESCRIPCI\u00d3N\u00bb][vc_column_text]Esmaltes de alta calidad. Uso interior y exterior. Secado r\u00e1pido, larga duraci\u00f3n y f\u00e1cil aplicaci\u00f3n. Se puede aplicar sobre madera, metal, cart\u00f3n, etc.[\/vc_column_text][vc_custom_heading text=\u00bbFORMATO\u00bb][vc_custom_heading text=\u00bbCARACTER\u00cdSTICAS\u00bb][\/vc_column][\/vc_row][vc_row full_width=\u00bbstretch_row\u00bb css=\u00bb.vc_custom_1525907182017{background-color: #f3f3f2 !important;}\u00bb][vc_column width=\u00bb1\/2&#8243;][vc_custom_heading text=\u00bbCOLORES DISPONIBLES\u00bb][\/vc_column][vc_column width=\u00bb1\/2&#8243;][vc_custom_heading text=\u00bbTABLA DE CODIGOS\u00bb][vc_single_image image=\u00bb204&#8243; img_size=\u00bbfull\u00bb][vc_single_image image=\u00bb205&#8243; img_size=\u00bbfull\u00bb][\/vc_column][\/vc_row]<\/p>\n","protected":false},"featured_media":676,"template":"","meta":{"_acf_changed":false},"product_brand":[],"product_cat":[17],"product_tag":[],"class_list":{"0":"post-203","1":"product","2":"type-product","3":"status-publish","4":"has-post-thumbnail","6":"product_cat-dekor","8":"first","9":"instock","10":"shipping-taxable","11":"product-type-simple"},"acf":[],"_links":{"self":[{"href":"https:\/\/felton.es\/index.php\/wp-json\/wp\/v2\/product\/203","targetHints":{"allow":["GET"]}}],"collection":[{"href":"https:\/\/felton.es\/index.php\/wp-json\/wp\/v2\/product"}],"about":[{"href":"https:\/\/felton.es\/index.php\/wp-json\/wp\/v2\/types\/product"}],"wp:featuredmedia":[{"embeddable":true,"href":"https:\/\/felton.es\/index.php\/wp-json\/wp\/v2\/media\/676"}],"wp:attachment":[{"href":"https:\/\/felton.es\/index.php\/wp-json\/wp\/v2\/media?parent=203"}],"wp:term":[{"taxonomy":"product_brand","embeddable":true,"href":"https:\/\/felton.es\/index.php\/wp-json\/wp\/v2\/product_brand?post=203"},{"taxonomy":"product_cat","embeddable":true,"href":"https:\/\/felton.es\/index.php\/wp-json\/wp\/v2\/product_cat?post=203"},{"taxonomy":"product_tag","embeddable":true,"href":"https:\/\/felton.es\/index.php\/wp-json\/wp\/v2\/product_tag?post=203"}],"curies":[{"name":"wp","href":"https:\/\/api.w.org\/{rel}","templated":true}]}}